{"id":32,"date":"2015-06-02T12:04:56","date_gmt":"2015-06-02T12:04:56","guid":{"rendered":"http:\/\/catedradealergia.umh.es\/?page_id=32"},"modified":"2024-07-21T11:13:09","modified_gmt":"2024-07-21T09:13:09","slug":"memorias","status":"publish","type":"page","link":"https:\/\/catedradealergia.umh.es\/ca\/memorias\/","title":{"rendered":"Mem\u00f2ries"},"content":{"rendered":"<p><a title=\"Tornar a la home de la C\u00e0tedra d'Al\u00b7l\u00e8rgia i Immunologia Cl\u00ednica UMH\" href=\"https:\/\/catedradealergia.umh.es\/ca\/\"><img class=\"alignleft\" title=\"Tornar a la home de la C\u00e0tedra d'Al\u00b7l\u00e8rgia i Immunologia Cl\u00ednica UMH\" src=\"https:\/\/catedradealergia.umh.es\/files\/2015\/11\/Logo-C\u00e1tedra-de-Alergia1.jpg\" alt=\"Logo C\u00e0tedra d'Al\u00b7l\u00e8rgia i Immunologia Cl\u00ednica UMH\" \/><\/a><br \/>\n&nbsp;<br \/>\n&nbsp;<br \/>\n&nbsp;<br \/>\n&nbsp;<br \/>\nAc\u00ed es pot descarregar la <strong>Mem\u00f2ria de l&#8217;\u00faltima renovaci\u00f3 del Conveni de la C\u00e0tedra d&#8217;Al\u00b7l\u00e8rgia i Immunologia Cl\u00ednica 2016<\/strong> en format pdf.<\/p>\n<p>&#8212;&#8212;-&gt; <strong>Descarrega<\/strong> la <strong>mem\u00f2ria<\/strong> de la <strong>C\u00e0tedra d&#8217;Al\u00b7l\u00e8rgia i Immunologia Cl\u00ednica UMH 2016<\/strong> en pdf <strong><a title=\"Ho veur\u00e0s en una nova finestra \" href=\"https:\/\/catedradealergia.umh.es\/files\/2017\/10\/Memoria-justificativa-de-les-activitats-de-la-Catedra-dAlergia-2016.pdf\" target=\"_blank\" rel=\"noopener noreferrer\">ac\u00ed<\/a><\/strong><\/p>\n<p>Ac\u00ed es pot descarregar la\u00a0<strong>Mem\u00f2ria de l&#8217;\u00faltima renovaci\u00f3 del Conveni de la C\u00e0tedra d&#8217;Al\u00b7l\u00e8rgia i Immunologia Cl\u00ednica 2013-2015<\/strong> en format pdf.<\/p>\n<p>&#8212;&#8212;-&gt; <strong>Descarrega<\/strong>\u00a0la <strong>mem\u00f2ria<\/strong> de la <strong>C\u00e0tedra d&#8217;Al\u00b7l\u00e8rgia i Immunologia Cl\u00ednica UMH 2013-2015<\/strong> en pdf <strong><a title=\"Ho veur\u00e0s en una nova finestra \" href=\"https:\/\/catedradealergia.umh.es\/files\/2015\/06\/Memoria-justificativa-de-les-activitats-de-la-Catedra-dAlergia-2013-14.pdf\" target=\"_blank\" rel=\"noopener noreferrer\">ac\u00ed<\/a><\/strong><\/p>\n<p>Tamb\u00e9 t\u00e9 disponible uns altres documents <strong>Anexos<\/strong> de la\u00a0<strong>C\u00e0tedra d&#8217;Al\u00b7l\u00e8rgia i Immunologia Cl\u00ednica UMH<\/strong>:<\/p>\n<ul>\n<li><strong>Annex 1<\/strong> \u00a0&#8212;&#8212;&#8212;&gt;\u00a0<strong>Descarrega<\/strong> el <strong>Annex 1<\/strong> en pdf\u00a0<strong><a title=\"Ho veur\u00e0s en una nova finestra en castell\u00e0\" href=\"https:\/\/catedradealergia.umh.es\/files\/2015\/06\/Professors_del_llibre_dAlergia.pdf\" target=\"_blank\" rel=\"noopener noreferrer\">ac\u00ed<\/a><\/strong><\/li>\n<\/ul>\n<ul>\n<li><strong>Annex 2<\/strong>\u00a0&#8212;&#8212;&#8212;&gt;\u00a0<strong>Descarrega<\/strong> el <strong>Annex 2<\/strong> en pdf\u00a0<strong><a title=\"Ho veur\u00e0s en una nova finestra en castell\u00e0\" href=\"https:\/\/catedradealergia.umh.es\/files\/2015\/06\/Annex-2_Publicacions-i-projectes.pdf\" target=\"_blank\" rel=\"noopener noreferrer\">ac\u00ed<\/a><\/strong><\/li>\n<\/ul>\n<p><\/p>","protected":false},"excerpt":{"rendered":"<p>&nbsp;<br \/>\n&nbsp;<br \/>\n&nbsp;<br \/>\n&nbsp;<br \/>\nAc\u00ed es pot descarregar la Mem\u00f2ria de l&#8217;\u00faltima renovaci\u00f3 del Conveni de la C\u00e0tedra d&#8217;Al\u00b7l\u00e8rgia i Immunologia Cl\u00ednica 2016 en format pdf.<br \/>\n&#8212;&#8212;-&gt; Descarrega la mem\u00f2ria de la C\u00e0tedra d&#8217;Al\u00b7l\u00e8rgia i Immunologia Cl\u00ednica UMH 2016 en pdf ac\u00ed<br \/>\nAc\u00ed es pot descarregar la\u00a0Mem\u00f2ria de l&#8217;\u00faltima renovaci\u00f3 del Conveni de la C\u00e0tedra d&#8217;Al\u00b7l\u00e8rgia i Immunologia Cl\u00ednica 2013-2015 en [&#8230;]<\/p>\n","protected":false},"author":887,"featured_media":0,"parent":0,"menu_order":1,"comment_status":"closed","ping_status":"open","template":"","meta":{"_links_to":"","_links_to_target":""},"_links":{"self":[{"href":"https:\/\/catedradealergia.umh.es\/ca\/wp-json\/wp\/v2\/pages\/32"}],"collection":[{"href":"https:\/\/catedradealergia.umh.es\/ca\/wp-json\/wp\/v2\/pages"}],"about":[{"href":"https:\/\/catedradealergia.umh.es\/ca\/wp-json\/wp\/v2\/types\/page"}],"author":[{"embeddable":true,"href":"https:\/\/catedradealergia.umh.es\/ca\/wp-json\/wp\/v2\/users\/887"}],"replies":[{"embeddable":true,"href":"https:\/\/catedradealergia.umh.es\/ca\/wp-json\/wp\/v2\/comments?post=32"}],"version-history":[{"count":0,"href":"https:\/\/catedradealergia.umh.es\/ca\/wp-json\/wp\/v2\/pages\/32\/revisions"}],"wp:attachment":[{"href":"https:\/\/catedradealergia.umh.es\/ca\/wp-json\/wp\/v2\/media?parent=32"}],"curies":[{"name":"wp","href":"https:\/\/api.w.org\/{rel}","templated":true}]}}

Memòries

<p><a title="Tornar a la home de la Càtedra d'Al·lèrgia i Immunologia Clínica UMH" href="https://catedradealergia.umh.es/ca/"><img class="alignleft" title="Tornar a la home de la Càtedra d'Al·lèrgia i Immunologia Clínica UMH" src="https://catedradealergia.umh.es/files/2015/11/Logo-Cátedra-de-Alergia1.jpg" alt="Logo Càtedra d'Al·lèrgia i Immunologia Clínica UMH" /></a><br />
&nbsp;<br />
&nbsp;<br />
&nbsp;<br />
&nbsp;<br />
Ací es pot descarregar la <strong>Memòria de l&#8217;última renovació del Conveni de la Càtedra d&#8217;Al·lèrgia i Immunologia Clínica 2016</strong> en format pdf.</p>
<p>&#8212;&#8212;-&gt; <strong>Descarrega</strong> la <strong>memòria</strong> de la <strong>Càtedra d&#8217;Al·lèrgia i Immunologia Clínica UMH 2016</strong> en pdf <strong><a title="Ho veuràs en una nova finestra " href="https://catedradealergia.umh.es/files/2017/10/Memoria-justificativa-de-les-activitats-de-la-Catedra-dAlergia-2016.pdf" target="_blank" rel="noopener noreferrer">ací</a></strong></p>
<p>Ací es pot descarregar la <strong>Memòria de l&#8217;última renovació del Conveni de la Càtedra d&#8217;Al·lèrgia i Immunologia Clínica 2013-2015</strong> en format pdf.</p>
<p>&#8212;&#8212;-&gt; <strong>Descarrega</strong> la <strong>memòria</strong> de la <strong>Càtedra d&#8217;Al·lèrgia i Immunologia Clínica UMH 2013-2015</strong> en pdf <strong><a title="Ho veuràs en una nova finestra " href="https://catedradealergia.umh.es/files/2015/06/Memoria-justificativa-de-les-activitats-de-la-Catedra-dAlergia-2013-14.pdf" target="_blank" rel="noopener noreferrer">ací</a></strong></p>
<p>També té disponible uns altres documents <strong>Anexos</strong> de la <strong>Càtedra d&#8217;Al·lèrgia i Immunologia Clínica UMH</strong>:</p>
<ul>
<li><strong>Annex 1</strong>  &#8212;&#8212;&#8212;&gt; <strong>Descarrega</strong> el <strong>Annex 1</strong> en pdf <strong><a title="Ho veuràs en una nova finestra en castellà" href="https://catedradealergia.umh.es/files/2015/06/Professors_del_llibre_dAlergia.pdf" target="_blank" rel="noopener noreferrer">ací</a></strong></li>
</ul>
<ul>
<li><strong>Annex 2</strong> &#8212;&#8212;&#8212;&gt; <strong>Descarrega</strong> el <strong>Annex 2</strong> en pdf <strong><a title="Ho veuràs en una nova finestra en castellà" href="https://catedradealergia.umh.es/files/2015/06/Annex-2_Publicacions-i-projectes.pdf" target="_blank" rel="noopener noreferrer">ací</a></strong></li>
</ul>
<p></p>

<p>&nbsp;<br />
&nbsp;<br />
&nbsp;<br />
&nbsp;<br />
Ací es pot descarregar la Memòria de l&#8217;última renovació del Conveni de la Càtedra d&#8217;Al·lèrgia i Immunologia Clínica 2016 en format pdf.<br />
&#8212;&#8212;-&gt; Descarrega la memòria de la Càtedra d&#8217;Al·lèrgia i Immunologia Clínica UMH 2016 en pdf ací<br />
Ací es pot descarregar la Memòria de l&#8217;última renovació del Conveni de la Càtedra d&#8217;Al·lèrgia i Immunologia Clínica 2013-2015 en [&#8230;]</p>
